+ w. Let m = -10 - v. What are the prime factors of m?
2, 3
What are the prime factors of -4 + 1/((-3)/(-27))?
5
Let u = 17 - 9. Let l(q) = 2*q - 2. What are the prime factors of l(u)?
2, 7
Let k be (-16)/20 - 2/10. List the prime factors of k + 15 + 0 + -1.
13
Let f(h) = 71*h**2 - 2. What are the prime factors of f(2)?
2, 3, 47
Let b(y) = 26*y. Let h be b(-1). Let p = 36 + h. List the prime factors of p.
2, 5
Suppose 0 = 5*c - 441 - 129. Suppose -3*m + 3*u = -c, -u + 3*u - 122 = -4*m. What are the prime factors of m?
3, 11
Let g = -12 + 16. Suppose -a = g*w - 20, -2*w - 5*a - 12 = -40. What are the prime factors of w?
2
Suppose -4*j - 60 = -9*j. Suppose -6*r + 4*i = -2*r + j, -2*r + 3*i - 5 = 0. Let q = 4 - r. What are the prime factors of q?
2
Let h = -146 - -348. What are the prime factors of h?
2, 101
Suppose w - 7 = -2*w - 2*a, 4*w + 2*a - 12 = 0. Let i(t) = w*t - 4*t + 5*t - 5*t - 4. What are the prime factors of i(6)?
2
Let m = 49 - 29. Suppose 0 = -5*v - m, -2*v - 6 = -2*l + v. List the prime factors of (-6)/(-4 - (1 + l)).
3
Let z(y) = 6 - 3 + y - 4. Let r be ((-18)/4)/(3/(-4)). What are the prime factors of z(r)?
5
Let v be 6*2/3*5. Let k = v + -12. List the prime factors of k.
2
Suppose -45 - 6 = -3*n. Suppose 4 = -2*i - k + 15, -4*i + n = -3*k. List the prime factors of i.
5
Let l = 4 + -2. Let z be 0/(l/6*3). Suppose 15 = -z*y + 5*y. What are the prime factors of y?
3
Let d(r) = 7*r + 4. Let f(o) = o**2 - 6*o + 4. Let k be f(6). List the prime factors of d(k).
2
Let u be 9/(-12) + 127/4. Let v = u - 14. What are the prime factors of v?
17
Let x(r) be the first derivative of r**3/3 + 7*r**2/2 + 5*r - 3. What are the prime factors of x(-8)?
13
Let v = -8 + 6. Let r(h) = -2*h**3 - 4*h**2 - h + 2. List the prime factors of r(v).
2
Suppose a = c + 47 + 24, 225 = 3*a + 3*c. What are the prime factors of a?
73
Let a = -12 - -18. List the prime factors of a.
2, 3
Let t(g) = 9*g - 2. List the prime factors of t(3).
5
List the prime factors of 6/(-4) + 99/2.
2, 3
Let r(s) = -7*s + 5. Let z(u) = 4*u - 3. Let t(w) = 6*r(w) + 11*z(w). What are the prime factors of t(10)?
17
Let g(n) = 6*n. Let u be 1 - (-3)/(3/4). Let j = u + -4. What are the prime factors of g(j)?
2, 3
Let c be (-1 + 0)/(2 - 1). Suppose 0*a = 3*a + 3. What are the prime factors of 15*(c/a - 0)?
3, 5
Let k(b) = -b**2 - 4*b - 1. Let z be k(-5). What are the prime factors of (z/8)/(2/(-24))?
3
Let r = 5 - 3. List the prime factors of ((-6)/(-5))/(r/5).
3
Let u be ((-4)/6)/((-2)/6). Suppose 0 = u*n - 0 - 4. Suppose 2*o - 32 = -n*o. What are the prime factors of o?
2
Let u = 308 + -219. What are the prime factors of u?
89
Let y(g) = -3*g - 1. Let u be y(-1). Suppose 7*w - 2*w = 25. Suppose 0 = -u*v + w*v - 15. List the prime factors of v.
5
List the prime factors of (1 + 0)/(3/45).
3, 5
Let c be 2/(-7) - (-410)/14. Let f = c - 8. List the prime factors of f.
3, 7
Let q(t) = t + 20. Let n(k) = k. Let v(r) = -8*r - 61. Let z(y) = -5*n(y) - v(y). Let a(p) = -8*q(p) + 3*z(p). List the prime factors of a(-10).
13
Let q be (-2 - 40)/(-1 + 0). Let w be q/18 + (-2)/(-3). Suppose 4*n = 20, w*a - 6*n + n + 16 = 0. What are the prime factors of a?
3
Suppose 2*y - 52 = 20. List the prime factors of y.
2, 3
Suppose 0 = -2*u - 0*u + 4*y + 30, 0 = -5*u + 4*y + 105. What are the prime factors of u?
5
Suppose -x + 6*x - 150 = 0. What are the prime factors of x?
2, 3, 5
Suppose 26 = 5*a - 2*s, 2*a = 4*a + s - 5. Suppose a*t = -t + 85. Suppose -n = 4*m - t, -2*n + 23 = m + 2*n. What are the prime factors of m?
3
Suppose -6 = -2*r + r. Let s be r/(2 + 5/(-3)). Suppose -s = -2*x + 4*z, 7*x - 2*x - z = 18. What are the prime factors of x?
3
Suppose b + 5*j - 15 = 0, 4*b = -3*j + 8 + 1. Suppose b*g + 2*g = 4. List the prime factors of g.
2
Let z(m) = m**2 + 12*m + 17. Let g be z(-10). List the prime factors of 32 - ((g - -4) + 2).
29
Let g(u) = -u**2 - u. Let r be g(2). Let a be ((-9)/6)/(r/32). Let w = 16 - a. What are the prime factors of w?
2
Let m = 147 - 86. List the prime factors of m.
61
Suppose -3*w - 4*x = -7*w + 8, 3*w = x + 6. Suppose -w*b + 2*o + 2*o = 8, 5*b - 2*o + 4 = 0. Suppose b = g + g - 12. List the prime factors of g.
2, 3
Let x(y) be the first derivative of y**3/2 - y**2/2 - 2*y + 1. Let t(q) be the first derivative of x(q). List the prime factors of t(1).
2
Suppose 2*c - 19 = 11. Let v = -6 + c. List the prime factors of v.
3
Let d = 5 + 8. List the prime factors of d.
13
Suppose -1 = -3*o + 5. Suppose 3*s = 3, 3*s = o*k + k - 42. What are the prime factors of k?
3, 5
Let v(g) = 8*g**2 - g. Let u = 4 - 0. Suppose u*r = 3 + 1. What are the prime factors of v(r)?
7
Suppose -f - 180 = -6*f. Let r = f - 14. What are the prime factors of r?
2, 11
Suppose -192 = -4*w + 124. List the prime factors of w.
79
Let f be (-1)/((-1)/(-4)) - -2. Let k(j) = 4*j**2 - 2. List the prime factors of k(f).
2, 7
Let c(s) = 2*s + 7. Let q be c(6). Let z = q + -12. Let p(u) = -u**3 + 6*u**2 + 7*u + 3. What are the prime factors of p(z)?
3
Suppose 0 = 2*y + 1 + 3. What are the prime factors of 6*3/2 - y?
11
Suppose u + u = 316. List the prime factors of u.
2, 79
Let b(f) = 2*f - 1. What are the prime factors of b(9)?
17
Let v be 16 + (-3)/(1 - -2). Suppose -3*p = 2*j + 7 + 9, 0 = -5*p - j - v. List the prime factors of p/(-4) - 9/(-2).
5
Suppose -4*w = -0 - 4. Let k(q) = 10*q. List the prime factors of k(w).
2, 5
Suppose -4*g + q - 505 + 1932 = 0, g - 3*q - 365 = 0. What are the prime factors of g?
2, 89
Suppose 4*z + 3*d - 393 = 0, -385 + 82 = -3*z - 5*d. List the prime factors of z.
2, 3
Let w(v) = -v**3 + 2*v**2 + 3*v + 3. Let m be w(3). Suppose z + m*z = 64. What are the prime factors of z?
2
Suppose -9 = 3*j, -45 = -2*a - 0*j + j. Suppose -a = -2*z + 21. List the prime factors of z.
3, 7
Let z be 4 - 0 - (1 + -1). Let m be -36 + (z - 2 - 2). List the prime factors of (-1*1)/(9/m).
2
Let b = 76 + 27. List the prime factors of b.
103
Suppose 10 = -0*n - n. Let l = 31 + n. What are the prime factors of l?
3, 7
Let b(j) = j**2 + j + 19. Let a(l) = 2. Let c(p) = -18*a(p) + 2*b(p). Let k = -2 - 0. What are the prime factors of c(k)?
2, 3
What are the prime factors of 42 - (4 - 2 - 2)?
2, 3, 7
Suppose -114 = -0*f - 4*f + v, 3*f + 2*v - 91 = 0. What are the prime factors of f?
29
Let a(n) = -n**3 + 12*n**2 + 30*n - 17. List the prime factors of a(14).
11
Let n = 39 + 12. List the prime factors of n.
3, 17
Suppose -2*s = -26 + 10. Suppose 0 = 4*v + 4*z - 120, 0*v - 4*z + 60 = 2*v. List the prime factors of v/(-2*(-6)/s).
2, 5
Let n = 201 + -131. What are the prime factors of n?
2, 5, 7
Let v(x) = 3*x**2 - 9*x - 12. List the prime factors of v(-5).
2, 3
Let i(n) = n**3 - n + 6. Let x be (-8)/6*(-30)/4. Suppose 3*b = -4*p - 8, -2*b + 5*p + x = -5*b. What are the prime factors of i(b)?
2, 3
Suppose w - 184 = -5*s, 2*s - 298 = -4*w + 348. List the prime factors of w.
3, 53
Suppose 4*h + b - 14 = 0, 0*b = -5*h - 3*b + 21. Suppose -2*u = h*u - 15. List the prime factors of (-3)/(u*(-2)/8).
2
Suppose 6*g - 4550 = -4*g. List the prime factors of g.
5, 7, 13
Let z = -73 + 139. What are the prime factors of z?
2, 3, 11
Let m(t) = -t + 11. Let o = 22 - 13. Let a be m(o). Suppose -4*b + a*h = -2 - 86, -h = 3*b - 56. List the prime factors of b.
2, 5
Let w be (2/(-5))/((-2)/150). Suppose 5*v - w = 2*v. List the prime factors of v.
2, 5
Suppose -3*j = r - 347, 0 = -3*r - 2*j + 7*j + 1055. What are the prime factors of r?
2, 5, 7
Let a be 2 - 4 - 37*-1. Suppose -3*u = n - 25, 2*n = 4*u + 3*n - a. Suppose -u = 4*x - 38. List the prime factors of x.
7
Let h(z) be the third derivative of -z**5/60 - 3*z**4/8 - z**3/3 - 2*z**2. What are the prime factors of h(-7)?
2, 3
Let n(b) = 4*b + 1. Let l be n(-2). Let o be (-3)/(-9) + 35/3. Let t = l + o. What are the prime factors of t?
5
Let v(w) = -1 - 2 + 0 - w + w**2 + 6*w. List the prime factors of v(-7).
11
Let t(d) = 6 + d - 6 - d**2 + 6. What are the prime factors of t(0)?
2, 3
Suppose -3*t = -3, 5*u - 3 - 9 = 3*t. Suppose 5*w = 3*q + 117, -5*q + 43 = u*w - 0*w. What are the prime factors of w?
3, 7
List the prime factors of (-9)/(-1)*(-9*13)/(-3).
3, 13
Suppose 0 = -4*x - 12, -2*b + 0*b = -4*x - 12. What are the prime factors of (8 + b)/(3/3)?
2
Suppose a - 4 = i, -i = 3*a - 